- 100. Let n(d) = -5. Let v(l) = -f(l) + 20*n(l). Give v(-2).
8
Let i(y) = -y**2 + 1. Let q(p) = 11*p + 3. Let z be q(2). Suppose -5*n = 108 + 22. Let m = z + n. Determine i(m).
0
Let x = -246 - -252. Let o(s) = s**2 + 4 - 1 - 11*s + 4*s. Determine o(x).
-3
Let l(v) = -v + 1. Let z(m) be the third derivative of 0 + 1/60*m**5 - 7*m**2 - m**3 + 0*m + 1/24*m**4. Let p be z(-4). Determine l(p).
-5
Let c(f) = -f**2 - 5*f + 6. Suppose 5*x + 5*n - 26 = -71, -2*x + 2*n - 6 = 0. What is c(x)?
0
Suppose -g - 4*b = 0, 2*g - 45 = 6*g + b. Let o = g + -18. Let f = -34 - o. Let h(c) = c**3 + 3*c**2 + c + 3. Calculate h(f).
-17
Let h(j) be the second derivative of j**5/20 - 2*j**4/3 - 5*j**3/3 + j**2/2 - 2*j - 208. What is h(9)?
-8
Let f(b) = -3*b - 17. Let r(j) = 4*j + 15. Let k(i) = 5*f(i) + 4*r(i). Calculate k(19).
-6
Let y(j) be the first derivative of -11 + 3/2*j**2 - 3*j + 2/3*j**3. Calculate y(2).
11
Let c(m) be the first derivative of 5*m**2/2 + 3*m - 440. Determine c(3).
18
Let m(z) = 117 + 2*z**3 - 4*z - z**3 - z**2 + 5*z - 119. Calculate m(2).
4
Let z(w) = -w. Let f be (2/5)/((-6)/30). Let o(a) = -a**3 - 14*a**2 - 11*a + 2. Let m(u) = u**2. Let b(t) = f*m(t) - o(t). Let q be b(-11). Give z(q).
2
Let x(g) be the second derivative of g**5/20 + g**4/3 - g**3/3 - 7*g**2/2 + 2*g - 20. Determine x(-4).
1
Let v = 104 + -105. Let r be -6 - (-4)/v*5/10. Let k(o) = -o**3 - 8*o**2 - 2*o - 11. Determine k(r).
5
Suppose -6*m + 346 = -248. Let i = 108 - m. Let b(r) = r**2 - 9*r + 4. Determine b(i).
4
Let p(x) = x + 1. Let w be -2*((-3)/(-2) - 3). Suppose 0*u - 7 = -4*u - w*f, -7 = 2*u + 5*f. Suppose 2*o = -4*r + u*o - 16, -2*r - o - 16 = 0. Calculate p(r).
-5
Suppose -4*a - 3 = -2*o - a, -2*o + 2 = -4*a. Let b(d) = -3 + 6 - o + 22*d. Calculate b(-1).
-22
Let m(a) = 5*a - 3. Let g(i) = -i - 1. Let r(b) = -2*g(b) - m(b). What is r(5)?
-10
Let p(l) = l**2 - l. Let c(m) = 2*m**3 + 8*m**2 + 6*m - 3. Let z be c(-3). What is p(z)?
12
Let x(a) be the second derivative of a**4/12 - a**3/6 - 11*a. What is x(0)?
0
Let j(x) = -x**3 + x + 47. Let t be j(0). Let w(c) = -2 + t*c**2 + 1 - 4*c - 46*c**2 - 2. Suppose v = -4*i + 20, 4*v - 10 = 2*i - 4*i. Give w(i).
2
Let q be -4 - -2 - (-1 - (-18)/(-3)). Let z be 5/((-5)/(-2)) - -1. Let o(p) = 2*p - z - p + 0 - 3. Determine o(q).
-1
Let n be (-14)/4 + (-3)/6. Let j = -2 + n. Let t(s) be the first derivative of s**3/3 + 4*s**2 + s - 170. Determine t(j).
-11
Let d(l) = l**2 - 3*l - 3. Suppose 2*b + 150 = 2*k, 4*b + 113 + 217 = -2*k. Let s be (b/(-64))/(1/4). Give d(s).
7
Let d(c) = 4*c**2 - 2. Let h be (-2)/10 - (-2247)/35. Suppose -5*l + h = 14. Suppose 0 = -3*w + 4*s + 2, -w - s - l = 3*s. Calculate d(w).
14
Let o(c) = c**3 + 5*c**2 - 4*c + 5. Let v be 6/(-39) + 84/39. Suppose 5*q + 19 = -v*z, -5*z = 5*q - 0*z + 25. Let m be -3 + 3*(-4 - q). Determine o(m).
-7
Let q = 3 + -2. Let p(d) = 0 - d - d**2 + 7*d**2 + 1 + 0*d**2. What is p(q)?
6
Let o(t) = t - 6. Let d be o(12). Let a(h) = 8 - d - h + 4 + 8. Determine a(7).
7
Let h be -2*(-8)/32*0. Let u(f) = -f**2 + f + 22. Determine u(h).
22
Let q = -153 - -160. Suppose 0 = t + 3*t - 20. Let o(z) = 4 - z + 7*z - t - z**2 + z. Calculate o(q).
-1
Let d(h) be the first derivative of h**4/4 + 7*h**3/3 + 7*h**2/2 + 7*h + 11. Let g = -28 - -26. Let y be (g - 3 - -2) + -3. Determine d(y).
1
Let o(r) = r + 3. Let h be o(0). Let g be 4 + (-1 + 4 - 5). Let q(s) = 0*s + 2 + s + s**g + s - 2*s**2. What is q(h)?
-1
Suppose 0 = -0*z - z - 2*l - 1, -3*z - l + 12 = 0. Suppose 4*h = 5*k + 22, 0 = z*k - 0*k + 3*h + 36. Let f(u) = -2*u - 3. Determine f(k).
9
Let x(h) = -h**2 - 4*h + 2. Let j be x(-5). Let i = 9 + j. Let c(q) = 3*q**2 - 4*q + 4. Let l(z) = -z**2 + z - 1. Let w(a) = 6*c(a) + 17*l(a). Determine w(i).
1
Let t(k) = -k**2 + 7*k + 5. Let j be t(7). Let x be (6/9 + (j - 4))*3. Let y(w) = -w + 1. Give y(x).
-4
Let y(t) = -9*t - 20. Suppose -615 + 635 = -4*z. What is y(z)?
25
Let l be (-15)/2*2/(-3). Suppose -l*n + 7 = -13. Let r(g) be the first derivative of g**2 + g - 82. What is r(n)?
9
Let f(p) = -p + 16. Let z(q) = -4*q + 87. Let r(d) = -5*f(d) + z(d). Determine r(0).
7
Let u(a) = -3143*a + 6274*a + 5 - 3138*a. Determine u(7).
-44
Let d(j) be the third derivative of j**5/12 + 2*j**3/3 + 3*j**2 - 4*j. Let o(t) = 4*t**2 + 3. Let u(z) = -5*d(z) + 6*o(z). What is u(0)?
-2
Let w = -293 - -288. Let z(k) = k**2 + 3*k - 4. What is z(w)?
6
Let t = -1 + 3. Let w(b) = -6*b + 4. Let p(a) = -a + 1. Let u = -14 - -15. Let v(f) = u*w(f) - 3*p(f). What is v(t)?
-5
Let t(y) = -y**2 + 99*y - 4 - 92*y + 5. What is t(8)?
-7
Suppose 5*y = -5, -9*y = 2*r - 10*y - 19. Let t(n) = -7*n**2 + 14*n + 9. Let i(a) = -6*a**2 + 13*a + 8. Let l(h) = 6*i(h) - 5*t(h). Calculate l(r).
-6
Suppose 0 = k + 5*g + 12, -2*g = 4*k - 5*k + 9. Let o = k + -3. Suppose -5*q - 5 + 15 = o. Let r(t) = -t. Calculate r(q).
-2
Let r(v) be the second derivative of -3*v**2 - 1/6*v**3 - 18*v + 0. Calculate r(-5).
-1
Suppose -3*g + 0 = 9, 3*g + 549 = 4*k. Let b(h) = -h - k + 265 - 130. Let s(f) = f**2 - 5*f - 7. Let x be s(6). Calculate b(x).
1
Let o be (-8)/12 + 24/9. Suppose 3*u = o - 8. Let f(p) = -p**3 - 5*p**2 - 2*p - 1. Calculate f(u).
-9
Suppose -5*r + 3 = -22. Let b be (-9)/(-18) + 6/4. Let j(k) = -7*k + k**b - 2*k + 2 + 2*k. Give j(r).
-8
Let n(r) = r**3 - 6*r**2 + 5*r - 6. Let z be n(5). Let q = z + 13. Let a(l) = 14*l - 5*l - 62*l**2 + 114*l**2 - 53*l**2. Calculate a(q).
14
Let a(t) = -22*t**3 - 38*t**2 - 18*t - 20. Let y(b) = 5*b**3 + 9*b**2 + 4*b + 5. Let z(o) = -2*a(o) - 9*y(o). Let h = -1 + -4. Determine z(h).
-5
Let o(u) = 9*u + 2. Let j(b) = 441*b + 99. Suppose 0 = 7*r - 354 - 339. Let g(h) = r*o(h) - 2*j(h). Let m = -3 - -5. Determine g(m).
18
Let i(q) = -q**3 + 4*q**2 + 9*q - 9. Let v(f) = -2*f**3 + 8*f**2 + 19*f - 19. Let a(s) = -9*i(s) + 4*v(s). What is a(5)?
5
Suppose 6*f - 175 = f. Let q be ((-24)/14)/((-45)/f + 1). Let m(x) = -x**3 + 7*x**2 - 6*x + 7. Calculate m(q).
7
Let p(s) = -2*s. Let i = -75 + 77. Suppose 4*x = -2*b + 2, i*x + 3*b - 16 = 5*b. Calculate p(x).
-6
Suppose 4*q = -30 + 2. Let g(v) = 4*v + 16. What is g(q)?
-12
Suppose -a = 1 + 7. Let x be (-26)/(-10) + -3*a/60. Let c(v) = -3*v**2 + 2*v + 3. What is c(x)?
-18
Suppose 99*k - 30*k = 138. Let d(b) = b**2 + b - 2. What is d(k)?
4
Let n(g) = -g**2 - 10*g + 1. Let h(t) = 1. Let x be (60/50)/(4/(-10)). Let z(c) = x*h(c) - n(c). What is z(-11)?
7
Let w(s) = -s**2 - 2*s + 4. Suppose 0*o - 3*o = 3*i - 3, -5*o + 4*i + 14 = 0. Let y = o - 6. Calculate w(y).
-4
Let s(j) be the second derivative of 0 + 1/2*j**2 + 0*j**3 + 0*j**4 + 1/20*j**5 + 5*j. Determine s(2).
9
Let b(t) = -t**3 - 2*t**2 - 2*t. Let a be 0/(-4*1/(-4)). Let n be 4 + a/(1 - 3). Let q be (-10)/n*12/15. Calculate b(q).
4
Suppose -307 + 21 = -26*q. Let b(g) = 3*g - 33. What is b(q)?
0
Let l(f) = -f**2 + 5*f + 6. Suppose 2*d = 5*z + 37, 5*z = 5*d - 28 - 27. Give l(d).
0
Let x be 4*1/12*-141. Let v = x + 50. Let c(u) = -u**3 + u**2 + 5*u - 2. Determine c(v).
-5
Let b(h) = -h**3 - 6*h**2 + 7*h - 7. Let y = 4 + 2. Suppose -p + y*p = -5. Let a be (-1 + p/(-2))*14. Give b(a).
-7
Let i(k) = k**3 + 4*k**2 + 2*k + 2. Let t be i(-3). Let z = 22 - 18. Let v(d) = -z*d**2 - 3*d + 5 - 9 + 0*d**3 + d**3. Give v(t).
6
Let j(i) = -2*i**2 - 15*i - 3. Let y = -32 + 25. Let m be j(y). Let s(v) = 3 + 2*v**3 - m*v**2 - 3*v**3 + 6*v + 0*v - 7. Determine s(-5).
-9
Let j(a) = 3*a + 7. Let g(r) = r - 2. Let x(h) = 4*g(h) - j(h). Calculate x(0).
-15
Let j be (0 + (2 - 1))*-2. Let u(n) = -2 + 270*n + 274*n - 5*n**2 + 279*n - 826*n + 2*n**2. Determine u(j).
-8
Let q(u) be the second derivative of 0 + 3*u - 5/6*u**3 + 1/2*u**2. Let g be q(-1). Let y(k) = k**3 - 7*k**2 + 8*k - 9. What is y(g)?
3
Let o(m) be the first derivative of m**2/2 - 2*m - 207. Determine o(2).
0
Let c = 13 + -10. Let m(r) be the first derivative of r**4/4 - 4*r**3/3 + 2*r**2 - 3*r - 11. Calculate m(c).
0
Let w(q) = -2*q**2 - 7*q + 8. Let j = 1 - -4. Let d(u) = 3*u**2 + 14*u - 16. Let c(v) = j*w(v) + 3*d(v). Give c(6).
-2
Let w = -3 + 8. Let x(y) = -y - 1. Let p(d) be the second derivative of d**3/3 + 3*d**2/2 - 35*d. Let u(q) = p(q) + 3*x(q). Calculate u(w).
-5
Let v(u) = -u**2 - 12*u - 9. Let g(o) = -o**3 - 6*o**2 + 4*o + 38. Let q be g(-4). What is v(q)?
11
L